ite number?
True
Let z be 4/(8/(-2))*5. Is 3*(-5)/z + 208 composite?
False
Suppose 3*l - 11181 = 2*p, 3*p + 2*l = -3*l - 16762. Let w = -3838 - p. Is w prime?
False
Suppose 0 = 11*b - 16*b + 150. Is (-62)/((b/(-69))/5) prime?
False
Let b(i) = 19*i**2 + 7*i - 63. Is b(-11) composite?
True
Suppose 0 = 3*u - u - 5*j - 2943, -u + 1439 = 4*j. Is u prime?
True
Suppose 2*c - 23 = -5*k, 0*c - 5*c = 5*k - 35. Suppose -110 = -k*g - 17. Is g a composite number?
False
Let y be (-8 - -5 - 2) + 1278. Suppose 0 = c + 3*x - 361 + 59, 4*c - x - y = 0. Is c composite?
False
Suppose -5 = 2*j - 1. Let p be j*(-12)/(-9)*-3. Let m = 255 - p. Is m a composite number?
True
Let r(t) = -t**3 - 6*t**2 - 9*t + 1. Let j be r(-4). Suppose 178 + 827 = j*y - 5*m, 5*m = -4*y + 822. Is y prime?
False
Let f(m) = 5*m**2 + 14*m + 2. Let v be f(-3). Suppose -v*n - r = 4*r - 6320, 3*r = 4*n - 5021. Is n prime?
True
Let l(x) = -2*x**3 - x**2 + 3*x + 7387. Is l(0) a composite number?
True
Let g(w) = -8*w - 1. Let c be g(-5). Let u be 2/(-8) + c/12. Suppose a - 4*r - 157 = 0, a - 5*a - u*r = -647. Is a a composite number?
True
Let u(k) = 1473*k**3 + 2*k**2 - k - 1. Let g be u(1). Let o = g - 332. Is o prime?
False
Let f = -1236 - 1250. Is f*(-3)/(-15)*(-30)/12 composite?
True
Suppose 5*x + 3*r = 25, -2*x + 12 + 12 = 4*r. Suppose 4*q + 2*s = 2, 4*q - x*s + 10 = -0*s. Let f(b) = 45*b**2 - b. Is f(q) a prime number?
False
Suppose w + 26131 = 4*a, 5*a - 10*w - 32664 = -9*w. Is a a prime number?
False
Let p(l) = 44536*l**3 + 2*l**2 - 4*l + 5. Is p(1) a composite number?
True
Let m = 651 - 428. Let v = m - 82. Let y = 194 + v. Is y prime?
False
Is ((-2)/(-4))/(18/258372) composite?
False
Let i(k) = k**3 + 28*k**2 + 11*k + 35. Let g(r) = r**2 - 24*r + 53. Let a be g(20). Is i(a) a composite number?
False
Is -3*17/((-255)/1790) a composite number?
True
Is (33/30 - (-3)/(-30))*557 a prime number?
True
Let f = -4 - -3. Let n be (-2 - 286/f)/2. Let b = n + -63. Is b a composite number?
False
Let c(n) = 2767*n**3 - n. Let q be c(1). Suppose -q = -5*u + 1379. Is u prime?
True
Suppose -5*c + 752 = -1158. Suppose 0*r - 2*r + c = 0. Is r a composite number?
False
Suppose 3*o + 0*o - 1245 = -3*y, 1635 = 4*y - o. Suppose y = 10*z - 20120. Is z a composite number?
False
Let o = -270 - -139. Let y = o + 276. Is y a composite number?
True
Suppose 4*k - 5 = 7. Let v be 374 + (k - (0 + 3)). Is (14/4)/(17/v) a composite number?
True
Let s(w) = w**2 - 4. Let u be s(-3). Suppose d + 1 = 4*j - 3, 0 = 4*j - u*d - 20. Suppose 4*v - 5*z - 1 - 814 = j, -5*z + 1030 = 5*v. Is v a composite number?
True
Let o = -59 + 56. Let w(j) = -4*j**3 + 4*j**2 + j + 4. Is w(o) composite?
True
Let y(w) = -w**3 - 13*w**2 - 12*w - 7. Let m be y(-13). Suppose 4*j - 596 = 3*a, -2*j = -3*j + 4*a + m. Is j composite?
False
Let q(a) = 1998*a**2 + 14*a - 43. Is q(4) composite?
False
Suppose -3*a = 2*a. Is 2/(-10)*a + 65 composite?
True
Let l be (-8 - -8)/(1 + 2). Suppose l*u + 572 = x + 3*u, 0 = 3*x + 3*u - 1746. Is x prime?
True
Let u(b) = b**3 + 26*b**2 + 8*b - 49. Is u(-24) composite?
False
Suppose 44*g - 19*g - 170525 = 0. Is g a composite number?
True
Suppose 3*c = -3*m + 17277, -4179 - 1583 = -c - 4*m. Is c a composite number?
True
Suppose -13*w = 16*w - 15979. Is w a prime number?
False
Let s = -7789 + 15022. Is s prime?
False
Let q be (-108002)/(-4)*(-6 + 8). Suppose -10*a - 18871 = -q. Is a prime?
False
Let o = 259 + -202. Is o a composite number?
True
Suppose 50*s + 11751 = 49*s. Is (-1)/4 + (0 - s/12) a prime number?
False
Let y be 36 - (4 - 2) - -2. Suppose r = -3*r - y. Is 3/r + (-2262)/(-9) composite?
False
Suppose 2*q + 3*q - 5*a = 75, -45 = -5*q - 5*a. Let k be q/4 + -2 + 4. Suppose -4*u = -3*t - 311, k*t = -4*u + t + 304. Is u a prime number?
False
Let v(w) = -3*w - 16. Let b be v(-8). Let k = b - 5. Is k/(-15) - 5024/(-20) a prime number?
True
Let y(z) = -19*z**3 + 4*z**2 - 3*z + 3. Let i be y(-4). Suppose 0 = -0*r + 5*r - i. Suppose -a + 2*a - r = 0. Is a composite?
True
Suppose 94*l = 4520702 + 3133812. Is l a prime number?
False
Let g = -21 + 25. Suppose g*h = -h - 720. Is (h + -1)*(-5 - -4) composite?
True
Let o be 6/6 + 1*57. Let h = o + 121. Let n = -100 + h. Is n a prime number?
True
Let r = 1953 - 260. Is r composite?
False
Let i be 3 + -1 + -11 + -6. Let g = i + 31. Let k = -14 + g. Is k prime?
True
Is 10686 + (1 + 0)/(1 + -2) a composite number?
True
Let w be ((-21989)/22)/(2/8). Let z = w + 5643. Suppose z = 4*l - 159. Is l a composite number?
True
Let s(p) = 97*p**2 + 5*p - 9. Let n be ((56/6)/7)/(4/6). Is s(n) prime?
True
Suppose -2229 = 21*k - 24*k. Is k a composite number?
False
Let h be 1/(-3)*(5 + -2) - -2. Is ((-50)/50)/(h - (-2704)/(-2702)) a composite number?
True
Suppose 160 = -j - 372. Is ((-39)/26)/(6/j) a prime number?
False
Suppose -2*h + 13 = -3*y, -4*h + 6 = -y - y. Let c = 7 + y. Suppose -c*n - 3*n - 733 = -2*f, f - 347 = -4*n. Is f a composite number?
False
Suppose -c = 5*z - 79, -7*z + 62 = -3*z + 2*c. Let r be (z/(-8))/((-4)/2478). Suppose -3*m + 2*m - 4*x = -r, -2*m - x = -2506. Is m composite?
True
Suppose -3*m - w = -9, w + w - 6 = 0. Suppose m*n - 400 = 4*n. Is 7 - 3 - 1 - n a composite number?
True
Let d = -6009 - 3712. Let b = 16244 + d. Is b a composite number?
True
Suppose -55 = -5*q - 5. Is 1*2/(q/4895) prime?
False
Let x(c) = 975*c + 3. Let n(l) = 244*l + 1. Let k(y) = -9*n(y) + 2*x(y). Is k(-5) composite?
True
Suppose -5*v = 3*a - 9910, 9875 = 3*a + 12*v - 14*v. Is a a prime number?
False
Let u = 62 + -58. Suppose 591 = u*o - 4*b - 789, -2*b - 349 = -o. Is o a prime number?
False
Let f(d) = d**3 + 61*d**2 + 33*d + 139. Is f(-52) prime?
False
Suppose -u - 41 = -3*p, 4*p - 3*u + 5 - 53 = 0. Suppose -3*h = 3*n - p, h + 3 = n + 2*n. Suppose 2*a + 0*i = -n*i + 160, i = -4*a + 326. Is a prime?
False
Let r(g) be the first derivative of 131*g**2 - 11. Is r(1) a composite number?
True
Suppose 16*g = 34717 + 70867. Is g prime?
True
Let a(g) = 20*g**2 - 13 + 19 - 20*g - 7 + 2*g**3. Is a(-10) composite?
False
Suppose -3*v + v = -4*t - 28, 0 = -3*v + 2*t + 22. Suppose v*z = 3529 - 1277. Is z prime?
True
Suppose -3*w - 5*j = 6 - 3, 4*w - 2*j = 22. Suppose -5*l + 23 = w*f - 0*l, -3*f = -3*l + 3. Is f + -2 + 212 + -1 a composite number?
False
Let z = -34 - -36. Suppose -z*f + 0*p + 362 = 4*p, -p = f - 186. Is f a composite number?
False
Let o = 4 + 1346. Let f = 2513 - o. Is f prime?
True
Let x = 35 - 33. Suppose 5*k = x*n - 0*n - 298, -n = -3*k - 147. Is n a composite number?
True
Suppose -2*h + 3*f = 2652 - 20686, -3*h - 3*f = -27051. Is h composite?
True
Is (-80816)/56*-6 - 1/(-7) a prime number?
False
Suppose l - 3*l = 4*j - 38, -4*j + 42 = -2*l. Suppose 142 + 68 = j*z. Is z prime?
False
Let d = 3200 + -2223. Is d prime?
True
Suppose 0 = z + 3*z - 416. Suppose 0 = -t - 0*t - z. Is (t/(-14))/((-14)/(-49)) composite?
True
Suppose 3*v = 16 - 28. Is (107 - v)/(1 - 0) composite?
True
Suppose -172*k = -178*k + 168066. Is k a prime number?
False
Suppose -40614 = 2*o - 5*v - 5589, 0 = -5*o - 2*v - 87519. Is (-16)/(-20) - o/25 prime?
True
Let l(y) = 10*y**3 + 4*y**2 - 7*y - 1. Let m be l(8). Suppose -5*r - 4*r = -m. Is r prime?
False
Let v(g) = 10*g - 10*g + 81*g + 1. Is v(2) prime?
True
Let m(s) = 578*s**2 - 14*s + 95. Is m(6) prime?
False
Is -7 + 5 - 1818/(-2) composite?
False
Let l be 4/(-8) - 51/6. Let d be (-2)/4*(-13 - l). Suppose 1645 = 5*p - d*g, 5*p - 4*g = 2207 - 552. Is p a composite number?
True
Suppose -66*o = -62*o + s - 6632, 3*o = 5*s + 4951. Is o a composite number?
False
Let l(s) = 2*s - 18. Let i be l(17). Let v(u) = 36*u + 5. Is v(i) a prime number?
False
Suppose 0 = 23*g - 18*g - 12225. Suppose 3*o + g = 3*v + 201, 2967 = 4*v + o. Is v composite?
False
Suppose 3*k = 5*m + 115, 4*m - 36 = 5*m + 2*k. Suppose 4*p - 296 = 4*u, 0*u - p = -2*u - 151. Let w = m - u. Is w prime?
False
Suppose -124*l + 122*l = -18166. Is l a composite number?
True
Suppose -3*q + 3*w = 24, 2*q + 3*w + 7 = -9. Let r(s) be the first derivative of -s**4/4 - 7*s**3/3 - 3*s**2/2 - 9*s + 4. Is r(q) composite?
False
Let r(a) = 2345*a - 18. Is r(1) prime?
False
Let o(p) = -139*p - 13. Let z be o(5). Let k = 1229 + z. Is k prime?
True
Suppose 8*b - 20716 = -d + 9*b, 5*d - 103610 = -b. Is d composite?
True
Supp